{"id":1439,"date":"2023-05-29T01:40:27","date_gmt":"2023-05-29T00:40:27","guid":{"rendered":"https:\/\/tablesfleursdunjour.fr\/?page_id=1439"},"modified":"2023-05-31T03:16:35","modified_gmt":"2023-05-31T02:16:35","slug":"elementor-1439","status":"publish","type":"page","link":"https:\/\/tablesfleursdunjour.fr\/?page_id=1439","title":{"rendered":"catalogue"},"content":{"rendered":"\t\t<div data-elementor-type=\"wp-page\" data-elementor-id=\"1439\" class=\"elementor elementor-1439\" data-elementor-post-type=\"page\">\n\t\t\t\t\t\t<section class=\"elementor-section elementor-top-section elementor-element elementor-element-c4ff2b4 elementor-section-boxed elementor-section-height-default elementor-section-height-default wpr-particle-no wpr-jarallax-no wpr-parallax-no wpr-sticky-section-no wpr-column-slider-no wpr-equal-height-no\" data-id=\"c4ff2b4\" data-element_type=\"section\" data-e-type=\"section\" data-settings=\"{&quot;background_background&quot;:&quot;classic&quot;}\">\n\t\t\t\t\t\t<div class=\"elementor-container elementor-column-gap-default\">\n\t\t\t\t\t<div class=\"elementor-column elementor-col-16 elementor-top-column elementor-element elementor-element-a7849aa\" data-id=\"a7849aa\" data-element_type=\"column\" data-e-type=\"column\">\n\t\t\t<div class=\"elementor-widget-wrap elementor-element-populated\">\n\t\t\t\t\t\t<div class=\"elementor-element elementor-element-b21eb39 elementor-widget elementor-widget-image\" data-id=\"b21eb39\" data-element_type=\"widget\" data-e-type=\"widget\" data-widget_type=\"image.default\">\n\t\t\t\t<div class=\"elementor-widget-container\">\n\t\t\t\t\t\t\t\t\t\t\t\t\t\t\t<img fetchpriority=\"high\" decoding=\"async\" width=\"800\" height=\"800\" src=\"https:\/\/tablesfleursdunjour.fr\/wp-content\/uploads\/2023\/05\/vecteezy_heart-abstract-love-symbol-continuous-line-art-drawing_10853645_757-B-1.png\" class=\"attachment-full size-full wp-image-892\" alt=\"\" srcset=\"https:\/\/tablesfleursdunjour.fr\/wp-content\/uploads\/2023\/05\/vecteezy_heart-abstract-love-symbol-continuous-line-art-drawing_10853645_757-B-1.png 800w, https:\/\/tablesfleursdunjour.fr\/wp-content\/uploads\/2023\/05\/vecteezy_heart-abstract-love-symbol-continuous-line-art-drawing_10853645_757-B-1-350x350.png 350w, https:\/\/tablesfleursdunjour.fr\/wp-content\/uploads\/2023\/05\/vecteezy_heart-abstract-love-symbol-continuous-line-art-drawing_10853645_757-B-1-150x150.png 150w, https:\/\/tablesfleursdunjour.fr\/wp-content\/uploads\/2023\/05\/vecteezy_heart-abstract-love-symbol-continuous-line-art-drawing_10853645_757-B-1-768x768.png 768w, https:\/\/tablesfleursdunjour.fr\/wp-content\/uploads\/2023\/05\/vecteezy_heart-abstract-love-symbol-continuous-line-art-drawing_10853645_757-B-1-600x600.png 600w, https:\/\/tablesfleursdunjour.fr\/wp-content\/uploads\/2023\/05\/vecteezy_heart-abstract-love-symbol-continuous-line-art-drawing_10853645_757-B-1-650x650.png 650w\" sizes=\"(max-width: 800px) 100vw, 800px\" \/>\t\t\t\t\t\t\t\t\t\t\t\t\t\t\t<\/div>\n\t\t\t\t<\/div>\n\t\t\t\t\t<\/div>\n\t\t<\/div>\n\t\t\t\t<div class=\"elementor-column elementor-col-66 elementor-top-column elementor-element elementor-element-12ebf32\" data-id=\"12ebf32\" data-element_type=\"column\" data-e-type=\"column\">\n\t\t\t<div class=\"elementor-widget-wrap elementor-element-populated\">\n\t\t\t\t\t\t<div class=\"elementor-element elementor-element-8e5c62c elementor-widget elementor-widget-spacer\" data-id=\"8e5c62c\" data-element_type=\"widget\" data-e-type=\"widget\" data-widget_type=\"spacer.default\">\n\t\t\t\t<div class=\"elementor-widget-container\">\n\t\t\t\t\t\t\t<div class=\"elementor-spacer\">\n\t\t\t<div class=\"elementor-spacer-inner\"><\/div>\n\t\t<\/div>\n\t\t\t\t\t\t<\/div>\n\t\t\t\t<\/div>\n\t\t\t\t<div class=\"elementor-element elementor-element-6f4870f elementor-widget elementor-widget-heading\" data-id=\"6f4870f\" data-element_type=\"widget\" data-e-type=\"widget\" data-widget_type=\"heading.default\">\n\t\t\t\t<div class=\"elementor-widget-container\">\n\t\t\t\t\t<h2 class=\"elementor-heading-title elementor-size-default\">Encore un peu de patience...<\/h2>\t\t\t\t<\/div>\n\t\t\t\t<\/div>\n\t\t\t\t\t<\/div>\n\t\t<\/div>\n\t\t\t\t<div class=\"elementor-column elementor-col-16 elementor-top-column elementor-element elementor-element-028fa08\" data-id=\"028fa08\" data-element_type=\"column\" data-e-type=\"column\">\n\t\t\t<div class=\"elementor-widget-wrap elementor-element-populated\">\n\t\t\t\t\t\t<div class=\"elementor-element elementor-element-2f084e1 elementor-widget elementor-widget-image\" data-id=\"2f084e1\" data-element_type=\"widget\" data-e-type=\"widget\" data-widget_type=\"image.default\">\n\t\t\t\t<div class=\"elementor-widget-container\">\n\t\t\t\t\t\t\t\t\t\t\t\t\t\t\t<img decoding=\"async\" width=\"3000\" height=\"3000\" src=\"https:\/\/tablesfleursdunjour.fr\/wp-content\/uploads\/2023\/05\/vecteezy_heart-abstract-love-symbol-continuous-line-art-drawing_10853645_757.png\" class=\"attachment-full size-full wp-image-889\" alt=\"\" srcset=\"https:\/\/tablesfleursdunjour.fr\/wp-content\/uploads\/2023\/05\/vecteezy_heart-abstract-love-symbol-continuous-line-art-drawing_10853645_757.png 3000w, https:\/\/tablesfleursdunjour.fr\/wp-content\/uploads\/2023\/05\/vecteezy_heart-abstract-love-symbol-continuous-line-art-drawing_10853645_757-350x350.png 350w, https:\/\/tablesfleursdunjour.fr\/wp-content\/uploads\/2023\/05\/vecteezy_heart-abstract-love-symbol-continuous-line-art-drawing_10853645_757-1024x1024.png 1024w\" sizes=\"(max-width: 3000px) 100vw, 3000px\" \/>\t\t\t\t\t\t\t\t\t\t\t\t\t\t\t<\/div>\n\t\t\t\t<\/div>\n\t\t\t\t\t<\/div>\n\t\t<\/div>\n\t\t\t\t\t<\/div>\n\t\t<\/section>\n\t\t\t\t<section class=\"elementor-section elementor-top-section elementor-element elementor-element-2859a6f elementor-section-boxed elementor-section-height-default elementor-section-height-default wpr-particle-no wpr-jarallax-no wpr-parallax-no wpr-sticky-section-no wpr-column-slider-no wpr-equal-height-no\" data-id=\"2859a6f\" data-element_type=\"section\" data-e-type=\"section\" data-settings=\"{&quot;background_background&quot;:&quot;classic&quot;}\">\n\t\t\t\t\t\t<div class=\"elementor-container elementor-column-gap-default\">\n\t\t\t\t\t<div class=\"elementor-column elementor-col-33 elementor-top-column elementor-element elementor-element-d182565\" data-id=\"d182565\" data-element_type=\"column\" data-e-type=\"column\">\n\t\t\t<div class=\"elementor-widget-wrap elementor-element-populated\">\n\t\t\t\t\t\t<div class=\"elementor-element elementor-element-c67afa3 elementor-widget elementor-widget-image\" data-id=\"c67afa3\" data-element_type=\"widget\" data-e-type=\"widget\" data-widget_type=\"image.default\">\n\t\t\t\t<div class=\"elementor-widget-container\">\n\t\t\t\t\t\t\t\t\t\t\t\t\t\t\t<img decoding=\"async\" width=\"1024\" height=\"683\" src=\"https:\/\/tablesfleursdunjour.fr\/wp-content\/uploads\/2023\/05\/wedding-1846114-1024x683.jpg\" class=\"attachment-large size-large wp-image-1113\" alt=\"\" srcset=\"https:\/\/tablesfleursdunjour.fr\/wp-content\/uploads\/2023\/05\/wedding-1846114-1024x683.jpg 1024w, https:\/\/tablesfleursdunjour.fr\/wp-content\/uploads\/2023\/05\/wedding-1846114-350x234.jpg 350w, https:\/\/tablesfleursdunjour.fr\/wp-content\/uploads\/2023\/05\/wedding-1846114-768x513.jpg 768w, https:\/\/tablesfleursdunjour.fr\/wp-content\/uploads\/2023\/05\/wedding-1846114-1536x1025.jpg 1536w, https:\/\/tablesfleursdunjour.fr\/wp-content\/uploads\/2023\/05\/wedding-1846114-2048x1367.jpg 2048w\" sizes=\"(max-width: 1024px) 100vw, 1024px\" \/>\t\t\t\t\t\t\t\t\t\t\t\t\t\t\t<\/div>\n\t\t\t\t<\/div>\n\t\t\t\t\t<\/div>\n\t\t<\/div>\n\t\t\t\t<div class=\"elementor-column elementor-col-33 elementor-top-column elementor-element elementor-element-ef2fcfa\" data-id=\"ef2fcfa\" data-element_type=\"column\" data-e-type=\"column\">\n\t\t\t<div class=\"elementor-widget-wrap elementor-element-populated\">\n\t\t\t\t\t\t<div class=\"elementor-element elementor-element-83dfd8f elementor-widget elementor-widget-text-editor\" data-id=\"83dfd8f\" data-element_type=\"widget\" data-e-type=\"widget\" data-widget_type=\"text-editor.default\">\n\t\t\t\t<div class=\"elementor-widget-container\">\n\t\t\t\t\t\t\t\t\t<p>Nous r\u00e9alisons quelques petits ajustements, mais cette page avec notre catalogue \u00e0 t\u00e9l\u00e9charger au format pdf sera bien vite disponible..<\/p><p>N&rsquo;h\u00e9sitez pas \u00e0 nous contacter en nous laissant un message via le formulaire de contact<\/p>\t\t\t\t\t\t\t\t<\/div>\n\t\t\t\t<\/div>\n\t\t\t\t<div class=\"elementor-element elementor-element-8d6c401 elementor-align-center elementor-widget elementor-widget-button\" data-id=\"8d6c401\" data-element_type=\"widget\" data-e-type=\"widget\" data-widget_type=\"button.default\">\n\t\t\t\t<div class=\"elementor-widget-container\">\n\t\t\t\t\t\t\t\t\t<div class=\"elementor-button-wrapper\">\n\t\t\t\t\t<a class=\"elementor-button elementor-button-link elementor-size-sm\" href=\"https:\/\/tablesfleursdunjour.fr\/?page_id=131\">\n\t\t\t\t\t\t<span class=\"elementor-button-content-wrapper\">\n\t\t\t\t\t\t<span class=\"elementor-button-icon\">\n\t\t\t\t<i aria-hidden=\"true\" class=\"fas fa-smile\"><\/i>\t\t\t<\/span>\n\t\t\t\t\t\t\t\t\t<span class=\"elementor-button-text\">Cliquez ici<\/span>\n\t\t\t\t\t<\/span>\n\t\t\t\t\t<\/a>\n\t\t\t\t<\/div>\n\t\t\t\t\t\t\t\t<\/div>\n\t\t\t\t<\/div>\n\t\t\t\t\t<\/div>\n\t\t<\/div>\n\t\t\t\t<div class=\"elementor-column elementor-col-33 elementor-top-column elementor-element elementor-element-2581e2d\" data-id=\"2581e2d\" data-element_type=\"column\" data-e-type=\"column\">\n\t\t\t<div class=\"elementor-widget-wrap elementor-element-populated\">\n\t\t\t\t\t\t<div class=\"elementor-element elementor-element-3f746fc elementor-widget elementor-widget-image\" data-id=\"3f746fc\" data-element_type=\"widget\" data-e-type=\"widget\" data-widget_type=\"image.default\">\n\t\t\t\t<div class=\"elementor-widget-container\">\n\t\t\t\t\t\t\t\t\t\t\t\t\t\t\t<img loading=\"lazy\" decoding=\"async\" width=\"960\" height=\"640\" src=\"https:\/\/tablesfleursdunjour.fr\/wp-content\/uploads\/2023\/05\/pexels-emma-bauso-2253870-1_3_282692-166990545733053.jpeg\" class=\"attachment-large size-large wp-image-1037\" alt=\"\" srcset=\"https:\/\/tablesfleursdunjour.fr\/wp-content\/uploads\/2023\/05\/pexels-emma-bauso-2253870-1_3_282692-166990545733053.jpeg 960w, https:\/\/tablesfleursdunjour.fr\/wp-content\/uploads\/2023\/05\/pexels-emma-bauso-2253870-1_3_282692-166990545733053-350x233.jpeg 350w, https:\/\/tablesfleursdunjour.fr\/wp-content\/uploads\/2023\/05\/pexels-emma-bauso-2253870-1_3_282692-166990545733053-768x512.jpeg 768w\" sizes=\"(max-width: 960px) 100vw, 960px\" \/>\t\t\t\t\t\t\t\t\t\t\t\t\t\t\t<\/div>\n\t\t\t\t<\/div>\n\t\t\t\t\t<\/div>\n\t\t<\/div>\n\t\t\t\t\t<\/div>\n\t\t<\/section>\n\t\t\t\t<section class=\"elementor-section elementor-top-section elementor-element elementor-element-1eab06f elementor-section-boxed elementor-section-height-default elementor-section-height-default wpr-particle-no wpr-jarallax-no wpr-parallax-no wpr-sticky-section-no wpr-column-slider-no wpr-equal-height-no\" data-id=\"1eab06f\" data-element_type=\"section\" data-e-type=\"section\">\n\t\t\t\t\t\t<div class=\"elementor-container elementor-column-gap-default\">\n\t\t\t\t\t<div class=\"elementor-column elementor-col-100 elementor-top-column elementor-element elementor-element-cc1929f\" data-id=\"cc1929f\" data-element_type=\"column\" data-e-type=\"column\">\n\t\t\t<div class=\"elementor-widget-wrap\">\n\t\t\t\t\t\t\t<\/div>\n\t\t<\/div>\n\t\t\t\t\t<\/div>\n\t\t<\/section>\n\t\t\t\t<\/div>\n\t\t","protected":false},"excerpt":{"rendered":"<p>Encore un peu de patience&#8230; Nous r\u00e9alisons quelques petits ajustements, mais cette page avec notre catalogue \u00e0 t\u00e9l\u00e9charger au format pdf sera bien vite disponible.. N&rsquo;h\u00e9sitez pas \u00e0 nous contacter en nous laissant un message via le formulaire de contact Cliquez ici<\/p>\n","protected":false},"author":1,"featured_media":0,"parent":0,"menu_order":0,"comment_status":"closed","ping_status":"closed","template":"","meta":{"footnotes":""},"class_list":["post-1439","page","type-page","status-publish","hentry","entry"],"yoast_head":"<!-- This site is optimized with the Yoast SEO plugin v27.5 - https:\/\/yoast.com\/product\/yoast-seo-wordpress\/ -->\n<title>catalogue - Tables et Fleurs d&#039;Un Jour<\/title>\n<meta name=\"robots\" content=\"index, follow, max-snippet:-1, max-image-preview:large, max-video-preview:-1\" \/>\n<link rel=\"canonical\" href=\"https:\/\/tablesfleursdunjour.fr\/?page_id=1439\" \/>\n<meta property=\"og:locale\" content=\"fr_FR\" \/>\n<meta property=\"og:type\" content=\"article\" \/>\n<meta property=\"og:title\" content=\"catalogue - Tables et Fleurs d&#039;Un Jour\" \/>\n<meta property=\"og:description\" content=\"Encore un peu de patience&#8230; Nous r\u00e9alisons quelques petits ajustements, mais cette page avec notre catalogue \u00e0 t\u00e9l\u00e9charger au format pdf sera bien vite disponible.. N&rsquo;h\u00e9sitez pas \u00e0 nous contacter en nous laissant un message via le formulaire de contact Cliquez ici\" \/>\n<meta property=\"og:url\" content=\"https:\/\/tablesfleursdunjour.fr\/?page_id=1439\" \/>\n<meta property=\"og:site_name\" content=\"Tables et Fleurs d&#039;Un Jour\" \/>\n<meta property=\"article:modified_time\" content=\"2023-05-31T02:16:35+00:00\" \/>\n<meta property=\"og:image\" content=\"https:\/\/tablesfleursdunjour.fr\/wp-content\/uploads\/2023\/05\/vecteezy_heart-abstract-love-symbol-continuous-line-art-drawing_10853645_757-B-1.png\" \/>\n<meta name=\"twitter:label1\" content=\"Dur\u00e9e de lecture estim\u00e9e\" \/>\n\t<meta name=\"twitter:data1\" content=\"2 minutes\" \/>\n<script type=\"application\/ld+json\" class=\"yoast-schema-graph\">{\"@context\":\"https:\\\/\\\/schema.org\",\"@graph\":[{\"@type\":\"WebPage\",\"@id\":\"https:\\\/\\\/tablesfleursdunjour.fr\\\/?page_id=1439\",\"url\":\"https:\\\/\\\/tablesfleursdunjour.fr\\\/?page_id=1439\",\"name\":\"catalogue - Tables et Fleurs d&#039;Un Jour\",\"isPartOf\":{\"@id\":\"https:\\\/\\\/tablesfleursdunjour.fr\\\/#website\"},\"primaryImageOfPage\":{\"@id\":\"https:\\\/\\\/tablesfleursdunjour.fr\\\/?page_id=1439#primaryimage\"},\"image\":{\"@id\":\"https:\\\/\\\/tablesfleursdunjour.fr\\\/?page_id=1439#primaryimage\"},\"thumbnailUrl\":\"https:\\\/\\\/tablesfleursdunjour.fr\\\/wp-content\\\/uploads\\\/2023\\\/05\\\/vecteezy_heart-abstract-love-symbol-continuous-line-art-drawing_10853645_757-B-1.png\",\"datePublished\":\"2023-05-29T00:40:27+00:00\",\"dateModified\":\"2023-05-31T02:16:35+00:00\",\"inLanguage\":\"fr-FR\",\"potentialAction\":[{\"@type\":\"ReadAction\",\"target\":[\"https:\\\/\\\/tablesfleursdunjour.fr\\\/?page_id=1439\"]}]},{\"@type\":\"ImageObject\",\"inLanguage\":\"fr-FR\",\"@id\":\"https:\\\/\\\/tablesfleursdunjour.fr\\\/?page_id=1439#primaryimage\",\"url\":\"https:\\\/\\\/tablesfleursdunjour.fr\\\/wp-content\\\/uploads\\\/2023\\\/05\\\/vecteezy_heart-abstract-love-symbol-continuous-line-art-drawing_10853645_757-B-1.png\",\"contentUrl\":\"https:\\\/\\\/tablesfleursdunjour.fr\\\/wp-content\\\/uploads\\\/2023\\\/05\\\/vecteezy_heart-abstract-love-symbol-continuous-line-art-drawing_10853645_757-B-1.png\",\"width\":800,\"height\":800},{\"@type\":\"WebSite\",\"@id\":\"https:\\\/\\\/tablesfleursdunjour.fr\\\/#website\",\"url\":\"https:\\\/\\\/tablesfleursdunjour.fr\\\/\",\"name\":\"Tables et Fleurs d&#039;Un Jour\",\"description\":\"Wedding Design &amp; D\u00e9coration Florale\",\"potentialAction\":[{\"@type\":\"SearchAction\",\"target\":{\"@type\":\"EntryPoint\",\"urlTemplate\":\"https:\\\/\\\/tablesfleursdunjour.fr\\\/?s={search_term_string}\"},\"query-input\":{\"@type\":\"PropertyValueSpecification\",\"valueRequired\":true,\"valueName\":\"search_term_string\"}}],\"inLanguage\":\"fr-FR\"}]}<\/script>\n<!-- \/ Yoast SEO plugin. -->","yoast_head_json":{"title":"catalogue - Tables et Fleurs d&#039;Un Jour","robots":{"index":"index","follow":"follow","max-snippet":"max-snippet:-1","max-image-preview":"max-image-preview:large","max-video-preview":"max-video-preview:-1"},"canonical":"https:\/\/tablesfleursdunjour.fr\/?page_id=1439","og_locale":"fr_FR","og_type":"article","og_title":"catalogue - Tables et Fleurs d&#039;Un Jour","og_description":"Encore un peu de patience&#8230; Nous r\u00e9alisons quelques petits ajustements, mais cette page avec notre catalogue \u00e0 t\u00e9l\u00e9charger au format pdf sera bien vite disponible.. N&rsquo;h\u00e9sitez pas \u00e0 nous contacter en nous laissant un message via le formulaire de contact Cliquez ici","og_url":"https:\/\/tablesfleursdunjour.fr\/?page_id=1439","og_site_name":"Tables et Fleurs d&#039;Un Jour","article_modified_time":"2023-05-31T02:16:35+00:00","og_image":[{"url":"https:\/\/tablesfleursdunjour.fr\/wp-content\/uploads\/2023\/05\/vecteezy_heart-abstract-love-symbol-continuous-line-art-drawing_10853645_757-B-1.png","type":"","width":"","height":""}],"twitter_misc":{"Dur\u00e9e de lecture estim\u00e9e":"2 minutes"},"schema":{"@context":"https:\/\/schema.org","@graph":[{"@type":"WebPage","@id":"https:\/\/tablesfleursdunjour.fr\/?page_id=1439","url":"https:\/\/tablesfleursdunjour.fr\/?page_id=1439","name":"catalogue - Tables et Fleurs d&#039;Un Jour","isPartOf":{"@id":"https:\/\/tablesfleursdunjour.fr\/#website"},"primaryImageOfPage":{"@id":"https:\/\/tablesfleursdunjour.fr\/?page_id=1439#primaryimage"},"image":{"@id":"https:\/\/tablesfleursdunjour.fr\/?page_id=1439#primaryimage"},"thumbnailUrl":"https:\/\/tablesfleursdunjour.fr\/wp-content\/uploads\/2023\/05\/vecteezy_heart-abstract-love-symbol-continuous-line-art-drawing_10853645_757-B-1.png","datePublished":"2023-05-29T00:40:27+00:00","dateModified":"2023-05-31T02:16:35+00:00","inLanguage":"fr-FR","potentialAction":[{"@type":"ReadAction","target":["https:\/\/tablesfleursdunjour.fr\/?page_id=1439"]}]},{"@type":"ImageObject","inLanguage":"fr-FR","@id":"https:\/\/tablesfleursdunjour.fr\/?page_id=1439#primaryimage","url":"https:\/\/tablesfleursdunjour.fr\/wp-content\/uploads\/2023\/05\/vecteezy_heart-abstract-love-symbol-continuous-line-art-drawing_10853645_757-B-1.png","contentUrl":"https:\/\/tablesfleursdunjour.fr\/wp-content\/uploads\/2023\/05\/vecteezy_heart-abstract-love-symbol-continuous-line-art-drawing_10853645_757-B-1.png","width":800,"height":800},{"@type":"WebSite","@id":"https:\/\/tablesfleursdunjour.fr\/#website","url":"https:\/\/tablesfleursdunjour.fr\/","name":"Tables et Fleurs d&#039;Un Jour","description":"Wedding Design &amp; D\u00e9coration Florale","potentialAction":[{"@type":"SearchAction","target":{"@type":"EntryPoint","urlTemplate":"https:\/\/tablesfleursdunjour.fr\/?s={search_term_string}"},"query-input":{"@type":"PropertyValueSpecification","valueRequired":true,"valueName":"search_term_string"}}],"inLanguage":"fr-FR"}]}},"jetpack_sharing_enabled":true,"_links":{"self":[{"href":"https:\/\/tablesfleursdunjour.fr\/index.php?rest_route=\/wp\/v2\/pages\/1439","targetHints":{"allow":["GET"]}}],"collection":[{"href":"https:\/\/tablesfleursdunjour.fr\/index.php?rest_route=\/wp\/v2\/pages"}],"about":[{"href":"https:\/\/tablesfleursdunjour.fr\/index.php?rest_route=\/wp\/v2\/types\/page"}],"author":[{"embeddable":true,"href":"https:\/\/tablesfleursdunjour.fr\/index.php?rest_route=\/wp\/v2\/users\/1"}],"replies":[{"embeddable":true,"href":"https:\/\/tablesfleursdunjour.fr\/index.php?rest_route=%2Fwp%2Fv2%2Fcomments&post=1439"}],"version-history":[{"count":17,"href":"https:\/\/tablesfleursdunjour.fr\/index.php?rest_route=\/wp\/v2\/pages\/1439\/revisions"}],"predecessor-version":[{"id":1516,"href":"https:\/\/tablesfleursdunjour.fr\/index.php?rest_route=\/wp\/v2\/pages\/1439\/revisions\/1516"}],"wp:attachment":[{"href":"https:\/\/tablesfleursdunjour.fr\/index.php?rest_route=%2Fwp%2Fv2%2Fmedia&parent=1439"}],"curies":[{"name":"wp","href":"https:\/\/api.w.org\/{rel}","templated":true}]}}